e
Is 17228597 a prime number?
True
Is 2134189 a composite number?
True
Is 69782221 a prime number?
True
Is 160573571 a prime number?
True
Is 8141279 a prime number?
False
Is 5434603 a composite number?
False
Is 247082469 prime?
False
Is 73899923 composite?
False
Is 377933 prime?
False
Is 5431786 composite?
True
Is 3725999 a composite number?
True
Is 304154 a composite number?
True
Is 2109161 prime?
True
Is 10993373 composite?
True
Is 53512571 a composite number?
True
Is 5430107 prime?
True
Is 237469 a prime number?
False
Is 19699223 composite?
False
Is 874262321 a prime number?
False
Is 1528927 composite?
True
Is 1479251 a prime number?
True
Is 52119307 composite?
False
Is 3209527 a prime number?
False
Is 61021529 a composite number?
False
Is 15707873 prime?
False
Is 52175023 a composite number?
True
Is 702271 a composite number?
True
Is 344873147 composite?
False
Is 8061839 a composite number?
False
Is 32470877 composite?
False
Is 49313059 composite?
True
Is 8712091 a prime number?
True
Is 27774869 prime?
False
Is 56369645 a composite number?
True
Is 226100507 prime?
True
Is 10607698 a composite number?
True
Is 28261567 prime?
True
Is 74000239 a composite number?
False
Is 15471551 prime?
True
Is 59770211 prime?
True
Is 223271 composite?
True
Is 27305417 a prime number?
False
Is 1625287 a prime number?
True
Is 29542993 prime?
True
Is 122102399 a prime number?
False
Is 9962683 a prime number?
True
Is 841567 prime?
False
Is 6996419 a prime number?
True
Is 1502899 a prime number?
False
Is 211952233 composite?
False
Is 54141553 prime?
True
Is 2717691 a composite number?
True
Is 34877247 composite?
True
Is 41885827 a composite number?
True
Is 24469427 a prime number?
False
Is 1714013 a composite number?
True
Is 13453777 prime?
True
Is 208769 prime?
False
Is 13013777 a prime number?
False
Is 1666181 prime?
False
Is 394398989 composite?
False
Is 5863883 a composite number?
True
Is 2136437 a prime number?
True
Is 6847937 prime?
True
Is 4854341 a prime number?
False
Is 21111401 prime?
False
Is 1983643 a composite number?
False
Is 91621 a prime number?
True
Is 50358251 composite?
False
Is 42754927 a prime number?
True
Is 21712513 prime?
True
Is 147930671 composite?
True
Is 49034851 a composite number?
True
Is 2646922 a prime number?
False
Is 124133731 composite?
True
Is 267241837 composite?
False
Is 10883779 composite?
True
Is 498263 a prime number?
False
Is 7130803 a composite number?
True
Is 121746773 prime?
False
Is 118288631 a prime number?
True
Is 2339461 a composite number?
False
Is 6061322 prime?
False
Is 5527277 composite?
True
Is 3805091 prime?
True
Is 8995603 a prime number?
True
Is 32370967 composite?
True
Is 8086385 composite?
True
Is 14820941 composite?
False
Is 22995823 prime?
False
Is 8023957 a prime number?
True
Is 82906721 prime?
True
Is 16355231 composite?
True
Is 182345161 prime?
True
Is 1394095 composite?
True
Is 70550483 a composite number?
False
Is 1235395567 composite?
True
Is 143558743 a prime number?
True
Is 11565949 a composite number?
False
Is 88707379 a prime number?
True
Is 46263517 composite?
False
Is 73791215 prime?
False
Is 485753 a composite number?
False
Is 510001829 composite?
True
Is 70675853 composite?
False
Is 6070682 a prime number?
False
Is 15056333 a prime number?
True
Is 191692751 a prime number?
True
Is 23118391 a composite number?
True
Is 2951237 prime?
True
Is 898817 composite?
True
Is 18083621 composite?
True
Is 16860829 a composite number?
False
Is 246442751 a prime number?
True
Is 38405743 prime?
True
Is 10927657 a prime number?
False
Is 1514956303 prime?
False
Is 18233599 a composite number?
False
Is 107879029 a composite number?
False
Is 41524501 a composite number?
False
Is 1157159 prime?
True
Is 24292919 a composite number?
True
Is 443946549 prime?
False
Is 220238 a composite number?
True
Is 705307 prime?
True
Is 20859409 composite?
True
Is 9181 composite?
False
Is 1553351 a composite number?
True
Is 692501393 a prime number?
True
Is 30874523 prime?
False
Is 1516609 a composite number?
False
Is 58220759 prime?
False
Is 3978217 a prime number?
True
Is 1382281 a prime number?
False
Is 1023922135 a prime number?
False
Is 10488349 prime?
False
Is 135882151 composite?
True
Is 19933981 prime?
False
Is 1320377 a prime number?
True
Is 638023 prime?
True
Is 9819233 prime?
False
Is 29070647 a prime number?
True
Is 21700493 prime?
True
Is 7596091 a composite number?
False
Is 5675581 prime?
False
Is 125636807 prime?
True
Is 199951561 composite?
False
Is 261301 a composite number?
False
Is 27988469 prime?
True
Is 314753 composite?
True
Is 4880087 a prime number?
True
Is 12653269 a prime number?
False
Is 8471101 a composite number?
True
Is 3021643 a prime number?
True
Is 130827965 a prime number?
False
Is 104435 a composite number?
True
Is 82868833 a composite number?
False
Is 47303 prime?
True
Is 24381719 a composite number?
True
Is 44378459 a composite number?
False
Is 191138 prime?
False
Is 9067173 a prime number?
False
Is 139490651 composite?
True
Is 46822631 a composite number?
True
Is 93091 a prime number?
False
Is 1761583 composite?
False
Is 6716093 a prime number?
True
Is 133960151 composite?
True
Is 13929215 composite?
True
Is 106175513 composite?
False
Is 40428763 prime?
True
Is 11375879 composite?
False
Is 44139773 prime?
True
Is 6041423 composite?
True
Is 165037141 a composite number?
True
Is 118174181 prime?
True
Is 919559 prime?
True
Is 853517257 composite?
False
Is 16166417 prime?
True
Is 32027843 prime?
False
Is 488353 prime?
True
Is 7680697 composite?
False
Is 63345577 a composite number?
False
Is 1553663 prime?
False
Is 5117587 a composite number?
False
Is 13688221 a prime number?
True
Is 1485191 composite?
False
Is 2407261 a composite number?
True
Is 8022257 a composite number?
False
Is 14453441 prime?
False
Is 907427 a composite number?
False
Is 14810699 a prime number?
True
Is 1331621 composite?
True
Is 1398311 a prime number?
False
Is 26603119 prime?
True
Is 20719211 composite?
False
Is 59693531 prime?
False
Is 23947523 prime?
False
Is 45938209 a prime number?
True
Is 2797127 composite?
True
Is 8354849 a prime number?
True
Is 27235414 prime?
False
Is 20617915 composite?
True
Is 4829389 a prime number?
True
Is 5465671 a prime number?
True
Is 126984211 composite?
True
Is 62086351 composite?
True
Is 116363 prime?
False
Is 54078007 a prime number?
True
Is 98826454 prime?
False
Is 5464661 prime?
True
Is 10602363 a prime number?
False
Is 481823 a composite number?
True
Is 3397757 a composite number?
True
Is 246564035 prime?
False
Is 39128279 prime?
False
Is 27526139 a prime number?
True
Is 354448954 prime?
False
Is 23552911 a composite number?
False
Is 8779 a composite number?
False
Is 125775353 a prime number?
False
Is 1324753723 prime?
True
Is 36435419 prime?
False
Is 243547709 a composite number?
False
Is 270767503 composite?
False
Is 15680393 composite?
False
Is 1715885 prime?
False
Is 869341 a prime number?
False
Is 4675409 prime?
False
Is 2324359 a composite number?
True
Is 633434 prime?
False
Is 2191121 prime?
True
Is 4440277 a composite number?
True
Is 128691829 a prime number?
False
Is 34434307 a composite number?
True
Is 82891097 a prime number?
True
Is 205442129 composite?
True
Is 245302 a composite number?
True
Is 45849749 prime?
False
Is 2165921 a composite number?
False
Is 508372747 a prime number?
True
Is 28814267 a prime number?
False
Is 35265017 composite?
False
Is 320492609 composite?
False
Is 62824543 a composite number?
False
Is 354479 prime?
True
Is 1405979 prime?
True
Is 14953123 a composite number?
True
Is 23100157 composite?
True
Is 43208899 a composite number?
False
Is 9218129 a composite number?
True
Is 113881543 prime?
False
Is 369151697 a prime number?
True
Is 1449431 a composite number?
False
Is 92483477 composite?
True
Is 3880949 prime?
True
Is 11849269 prime?
True
Is 56008801 a prime number?
True
Is 286750943 a prime number?
True
Is 30565 prime?
False
Is 11331331 composite?
True
Is 71464879 prime?
True
Is 35493629 composite?
True
Is 3388169 prime?
True
Is 8121499 composite?
False
Is 1204037 composite?
False
Is 15166483 composite?
False
Is 294350837 prime?
False
Is 110180399 composite?
True
Is 8058443 composite?
True
Is 4221053 prime?
False
Is 22270403 composite?
Fa